{"id":70,"date":"2025-08-28T15:38:15","date_gmt":"2025-08-28T13:38:15","guid":{"rendered":"https:\/\/voltec.com.pl\/?page_id=70"},"modified":"2025-11-12T19:55:32","modified_gmt":"2025-11-12T18:55:32","slug":"kontakt","status":"publish","type":"page","link":"https:\/\/voltec.com.pl\/?page_id=70","title":{"rendered":"Kontakt"},"content":{"rendered":"\t\t<div data-elementor-type=\"wp-page\" data-elementor-id=\"70\" class=\"elementor elementor-70\">\n\t\t\t\t<div class=\"elementor-element elementor-element-d901451 e-flex e-con-boxed e-con e-parent\" data-id=\"d901451\" data-element_type=\"container\">\n\t\t\t\t\t<div class=\"e-con-inner\">\n\t\t\t\t<div class=\"elementor-element elementor-element-cfd814d elementor-widget elementor-widget-google_maps\" data-id=\"cfd814d\" data-element_type=\"widget\" data-widget_type=\"google_maps.default\">\n\t\t\t\t\t\t\t<div class=\"elementor-custom-embed\">\n\t\t\t<iframe loading=\"lazy\"\n\t\t\t\t\tsrc=\"https:\/\/maps.google.com\/maps?q=Voltec%20Piotra%20%C5%9Aciegiennego%208a%2C%20Bydgoszcz&#038;t=m&#038;z=10&#038;output=embed&#038;iwloc=near\"\n\t\t\t\t\ttitle=\"Voltec Piotra \u015aciegiennego 8a, Bydgoszcz\"\n\t\t\t\t\taria-label=\"Voltec Piotra \u015aciegiennego 8a, Bydgoszcz\"\n\t\t\t><\/iframe>\n\t\t<\/div>\n\t\t\t\t\t\t<\/div>\n\t\t\t\t\t<\/div>\n\t\t\t\t<\/div>\n\t\t<div class=\"elementor-element elementor-element-1d241d6 e-flex e-con-boxed e-con e-parent\" data-id=\"1d241d6\" data-element_type=\"container\">\n\t\t\t\t\t<div class=\"e-con-inner\">\n\t\t\t\t<div class=\"elementor-element elementor-element-273bf9e elementor-widget elementor-widget-text-editor\" data-id=\"273bf9e\" data-element_type=\"widget\" data-widget_type=\"text-editor.default\">\n\t\t\t\t\t\t\t\t\t<p><strong>Formularz kontaktowy<\/strong><\/p>\t\t\t\t\t\t\t\t<\/div>\n\t\t\t\t<div class=\"elementor-element elementor-element-7db4145 elementor-widget elementor-widget-wpforms\" data-id=\"7db4145\" data-element_type=\"widget\" data-widget_type=\"wpforms.default\">\n\t\t\t\t<div class=\"elementor-widget-container\">\n\t\t\t\t\t<div class=\"wpforms-container wpforms-container-full wpforms-render-modern\" id=\"wpforms-128\"><form id=\"wpforms-form-128\" class=\"wpforms-validate wpforms-form wpforms-ajax-form\" data-formid=\"128\" method=\"post\" enctype=\"multipart\/form-data\" action=\"\/index.php?rest_route=%2Fwp%2Fv2%2Fpages%2F70\" data-token=\"c9eb633792106c68df6622bc5ffac139\" data-token-time=\"1778407686\"><noscript class=\"wpforms-error-noscript\">Please enable JavaScript in your browser to complete this form.<\/noscript><div id=\"wpforms-error-noscript\" style=\"display: none;\">Please enable JavaScript in your browser to complete this form.<\/div><div class=\"wpforms-field-container\"><div id=\"wpforms-128-field_1-container\" class=\"wpforms-field wpforms-field-name\" data-field-id=\"1\"><fieldset><legend class=\"wpforms-field-label\">Imi\u0119 i nazwisko <span class=\"wpforms-required-label\" aria-hidden=\"true\">*<\/span><\/legend><div class=\"wpforms-field-row wpforms-field-medium\"><div class=\"wpforms-field-row-block wpforms-first wpforms-one-half\"><input type=\"text\" id=\"wpforms-128-field_1\" class=\"wpforms-field-name-first wpforms-field-required\" name=\"wpforms[fields][1][first]\" aria-errormessage=\"wpforms-128-field_1-error\" required><label for=\"wpforms-128-field_1\" class=\"wpforms-field-sublabel after\">First<\/label><\/div><div class=\"wpforms-field-row-block wpforms-one-half\"><input type=\"text\" id=\"wpforms-128-field_1-last\" class=\"wpforms-field-name-last wpforms-field-required\" name=\"wpforms[fields][1][last]\" aria-errormessage=\"wpforms-128-field_1-last-error\" required><label for=\"wpforms-128-field_1-last\" class=\"wpforms-field-sublabel after\">Last<\/label><\/div><\/div><\/fieldset><\/div><div id=\"wpforms-128-field_2-container\" class=\"wpforms-field wpforms-field-email\" data-field-id=\"2\"><label class=\"wpforms-field-label\" for=\"wpforms-128-field_2\">Adres e-mail <span class=\"wpforms-required-label\" aria-hidden=\"true\">*<\/span><\/label><input type=\"email\" id=\"wpforms-128-field_2\" class=\"wpforms-field-medium wpforms-field-required\" name=\"wpforms[fields][2]\" spellcheck=\"false\" aria-errormessage=\"wpforms-128-field_2-error\" required><\/div>\t\t<div id=\"wpforms-128-field_5-container\"\n\t\t\tclass=\"wpforms-field wpforms-field-text\"\n\t\t\tdata-field-type=\"text\"\n\t\t\tdata-field-id=\"5\"\n\t\t\t>\n\t\t\t<label class=\"wpforms-field-label\" for=\"wpforms-128-field_5\" >i Rodo Zapytanie<\/label>\n\t\t\t<input type=\"text\" id=\"wpforms-128-field_5\" class=\"wpforms-field-medium\" name=\"wpforms[fields][5]\" >\n\t\t<\/div>\n\t\t<div id=\"wpforms-128-field_3-container\" class=\"wpforms-field wpforms-field-textarea\" data-field-id=\"3\"><label class=\"wpforms-field-label\" for=\"wpforms-128-field_3\">Zapytanie lub wiadomo\u015b\u0107 <span class=\"wpforms-required-label\" aria-hidden=\"true\">*<\/span><\/label><textarea id=\"wpforms-128-field_3\" class=\"wpforms-field-medium wpforms-field-required\" name=\"wpforms[fields][3]\" aria-errormessage=\"wpforms-128-field_3-error\" required><\/textarea><\/div><div id=\"wpforms-128-field_4-container\" class=\"wpforms-field wpforms-field-checkbox\" data-field-id=\"4\"><fieldset><legend class=\"wpforms-field-label\">Zgoda Rodo<\/legend><ul id=\"wpforms-128-field_4\"><li class=\"choice-1 depth-1 wpforms-selected\"><input type=\"checkbox\" id=\"wpforms-128-field_4_1\" name=\"wpforms[fields][4][]\" value=\"Wype\u0142nienie formularza oznacza, \u017ce podane w nim dane osobowe b\u0119d\u0105 przetwarzane w celu udzielenia odpowiedzi, je\u015bli Twoje pytanie b\u0119dzie odnosi\u0107 si\u0119 do naszych us\u0142ug w odpowiedzi mo\u017cemy przedstawi\u0107 Ci ofert\u0119. Dowiedz si\u0119  jak przetwarzamy Twoje dane osobowe - &lt;a&gt;polityka prywatno\u015bci.&lt;\/a&gt;\" aria-errormessage=\"wpforms-128-field_4_1-error\"   checked='checked'><label class=\"wpforms-field-label-inline\" for=\"wpforms-128-field_4_1\">Wype\u0142nienie formularza oznacza, \u017ce podane w nim dane osobowe b\u0119d\u0105 przetwarzane w celu udzielenia odpowiedzi, je\u015bli Twoje pytanie b\u0119dzie odnosi\u0107 si\u0119 do naszych us\u0142ug w odpowiedzi mo\u017cemy przedstawi\u0107 Ci ofert\u0119. Dowiedz si\u0119  jak przetwarzamy Twoje dane osobowe - <a>polityka prywatno\u015bci.<\/a><\/label><\/li><\/ul><\/fieldset><\/div><script>\n\t\t\t\t( function() {\n\t\t\t\t\tconst style = document.createElement( 'style' );\n\t\t\t\t\tstyle.appendChild( document.createTextNode( '#wpforms-128-field_5-container { position: absolute !important; overflow: hidden !important; display: inline !important; height: 1px !important; width: 1px !important; z-index: -1000 !important; padding: 0 !important; } #wpforms-128-field_5-container input { visibility: hidden; } #wpforms-conversational-form-page #wpforms-128-field_5-container label { counter-increment: none; }' ) );\n\t\t\t\t\tdocument.head.appendChild( style );\n\t\t\t\t\tdocument.currentScript?.remove();\n\t\t\t\t} )();\n\t\t\t<\/script><\/div><!-- .wpforms-field-container --><div class=\"wpforms-submit-container\" ><input type=\"hidden\" name=\"wpforms[id]\" value=\"128\"><input type=\"hidden\" name=\"page_title\" value=\"\"><input type=\"hidden\" name=\"page_url\" value=\"https:\/\/voltec.com.pl\/index.php?rest_route=\/wp\/v2\/pages\/70\"><input type=\"hidden\" name=\"url_referer\" value=\"\"><button type=\"submit\" name=\"wpforms[submit]\" id=\"wpforms-submit-128\" class=\"wpforms-submit\" data-alt-text=\"Wysy\u0142anie...\" data-submit-text=\"Prze\u015blij\" aria-live=\"assertive\" value=\"wpforms-submit\">Prze\u015blij<\/button><img decoding=\"async\" src=\"https:\/\/voltec.com.pl\/wp-content\/plugins\/wpforms-lite\/assets\/images\/submit-spin.svg\" class=\"wpforms-submit-spinner\" style=\"display: none;\" width=\"26\" height=\"26\" alt=\"Loading\"><\/div><\/form><\/div>  <!-- .wpforms-container -->\t\t\t\t<\/div>\n\t\t\t\t<\/div>\n\t\t\t\t\t<\/div>\n\t\t\t\t<\/div>\n\t\t\t\t<\/div>\n\t\t","protected":false},"excerpt":{"rendered":"<p>Formularz kontaktowy Aby wype\u0142ni\u0107 ten formularz, w\u0142\u0105cz obs\u0142ug\u0119 JavaScript w przegl\u0105darce.Aby wype\u0142ni\u0107 ten formularz, w\u0142\u0105cz obs\u0142ug\u0119 JavaScript w przegl\u0105darce. Imi\u0119 i nazwisko * PierwszyOstatni Adres e-mail *Zapytanie lub wiadomo\u015b\u0107 * Zgoda Rodo Wype\u0142nienie formularza oznacza, \u017ce podane w nim dane osobowe b\u0119d\u0105 przetwarzane w celu udzielenia odpowiedzi, je\u015bli Twoje pytanie b\u0119dzie odnosi\u0107 si\u0119 do naszych [&hellip;]<\/p>\n","protected":false},"author":1,"featured_media":0,"parent":0,"menu_order":0,"comment_status":"closed","ping_status":"closed","template":"","meta":{"footnotes":""},"class_list":["post-70","page","type-page","status-publish","hentry"],"yoast_head":"<!-- This site is optimized with the Yoast SEO plugin v26.3 - https:\/\/yoast.com\/wordpress\/plugins\/seo\/ -->\n<title>Kontakt - Voltec.com.pl<\/title>\n<meta name=\"description\" content=\"Nasza firmy znajduje si\u0119 na bydgoskich Bartodziejach. Biuro mie\u015bci si\u0119 przy ulicy Ks. Piotra \u015aciegiennego 8a. Zapraszamy do kontaktu telefonicznego 52 335 30 32 lub e-mail: biuro@voltec.com.pl.\" \/>\n<meta name=\"robots\" content=\"index, follow, max-snippet:-1, max-image-preview:large, max-video-preview:-1\" \/>\n<link rel=\"canonical\" href=\"https:\/\/voltec.com.pl\/?page_id=70\" \/>\n<meta property=\"og:locale\" content=\"en_US\" \/>\n<meta property=\"og:type\" content=\"article\" \/>\n<meta property=\"og:title\" content=\"Kontakt - Voltec.com.pl\" \/>\n<meta property=\"og:description\" content=\"Nasza firmy znajduje si\u0119 na bydgoskich Bartodziejach. Biuro mie\u015bci si\u0119 przy ulicy Ks. Piotra \u015aciegiennego 8a. Zapraszamy do kontaktu telefonicznego 52 335 30 32 lub e-mail: biuro@voltec.com.pl.\" \/>\n<meta property=\"og:url\" content=\"https:\/\/voltec.com.pl\/?page_id=70\" \/>\n<meta property=\"og:site_name\" content=\"Voltec.com.pl\" \/>\n<meta property=\"article:modified_time\" content=\"2025-11-12T18:55:32+00:00\" \/>\n<meta property=\"og:image\" content=\"https:\/\/voltec.com.pl\/wp-content\/plugins\/wpforms-lite\/assets\/images\/submit-spin.svg\" \/>\n<meta name=\"twitter:card\" content=\"summary_large_image\" \/>\n<meta name=\"twitter:label1\" content=\"Est. reading time\" \/>\n\t<meta name=\"twitter:data1\" content=\"1 minute\" \/>\n<script type=\"application\/ld+json\" class=\"yoast-schema-graph\">{\"@context\":\"https:\/\/schema.org\",\"@graph\":[{\"@type\":\"WebPage\",\"@id\":\"https:\/\/voltec.com.pl\/?page_id=70\",\"url\":\"https:\/\/voltec.com.pl\/?page_id=70\",\"name\":\"Kontakt - Voltec.com.pl\",\"isPartOf\":{\"@id\":\"http:\/\/voltec.com.pl\/#website\"},\"primaryImageOfPage\":{\"@id\":\"https:\/\/voltec.com.pl\/?page_id=70#primaryimage\"},\"image\":{\"@id\":\"https:\/\/voltec.com.pl\/?page_id=70#primaryimage\"},\"thumbnailUrl\":\"https:\/\/voltec.com.pl\/wp-content\/plugins\/wpforms-lite\/assets\/images\/submit-spin.svg\",\"datePublished\":\"2025-08-28T13:38:15+00:00\",\"dateModified\":\"2025-11-12T18:55:32+00:00\",\"description\":\"Nasza firmy znajduje si\u0119 na bydgoskich Bartodziejach. Biuro mie\u015bci si\u0119 przy ulicy Ks. Piotra \u015aciegiennego 8a. Zapraszamy do kontaktu telefonicznego 52 335 30 32 lub e-mail: biuro@voltec.com.pl.\",\"breadcrumb\":{\"@id\":\"https:\/\/voltec.com.pl\/?page_id=70#breadcrumb\"},\"inLanguage\":\"en-US\",\"potentialAction\":[{\"@type\":\"ReadAction\",\"target\":[\"https:\/\/voltec.com.pl\/?page_id=70\"]}]},{\"@type\":\"ImageObject\",\"inLanguage\":\"en-US\",\"@id\":\"https:\/\/voltec.com.pl\/?page_id=70#primaryimage\",\"url\":\"https:\/\/voltec.com.pl\/wp-content\/plugins\/wpforms-lite\/assets\/images\/submit-spin.svg\",\"contentUrl\":\"https:\/\/voltec.com.pl\/wp-content\/plugins\/wpforms-lite\/assets\/images\/submit-spin.svg\"},{\"@type\":\"BreadcrumbList\",\"@id\":\"https:\/\/voltec.com.pl\/?page_id=70#breadcrumb\",\"itemListElement\":[{\"@type\":\"ListItem\",\"position\":1,\"name\":\"Home\",\"item\":\"http:\/\/voltec.com.pl\/\"},{\"@type\":\"ListItem\",\"position\":2,\"name\":\"Kontakt\"}]},{\"@type\":\"WebSite\",\"@id\":\"http:\/\/voltec.com.pl\/#website\",\"url\":\"http:\/\/voltec.com.pl\/\",\"name\":\"Voltec.com.pl\",\"description\":\"\",\"publisher\":{\"@id\":\"http:\/\/voltec.com.pl\/#organization\"},\"potentialAction\":[{\"@type\":\"SearchAction\",\"target\":{\"@type\":\"EntryPoint\",\"urlTemplate\":\"http:\/\/voltec.com.pl\/?s={search_term_string}\"},\"query-input\":{\"@type\":\"PropertyValueSpecification\",\"valueRequired\":true,\"valueName\":\"search_term_string\"}}],\"inLanguage\":\"en-US\"},{\"@type\":\"Organization\",\"@id\":\"http:\/\/voltec.com.pl\/#organization\",\"name\":\"Voltec.com.pl\",\"url\":\"http:\/\/voltec.com.pl\/\",\"logo\":{\"@type\":\"ImageObject\",\"inLanguage\":\"en-US\",\"@id\":\"http:\/\/voltec.com.pl\/#\/schema\/logo\/image\/\",\"url\":\"https:\/\/voltec.com.pl\/wp-content\/uploads\/2025\/07\/LOGO_VOLTEC_JPG-scaled.jpg\",\"contentUrl\":\"https:\/\/voltec.com.pl\/wp-content\/uploads\/2025\/07\/LOGO_VOLTEC_JPG-scaled.jpg\",\"width\":2560,\"height\":504,\"caption\":\"Voltec.com.pl\"},\"image\":{\"@id\":\"http:\/\/voltec.com.pl\/#\/schema\/logo\/image\/\"}}]}<\/script>\n<!-- \/ Yoast SEO plugin. -->","yoast_head_json":{"title":"Kontakt - Voltec.com.pl","description":"Nasza firmy znajduje si\u0119 na bydgoskich Bartodziejach. Biuro mie\u015bci si\u0119 przy ulicy Ks. Piotra \u015aciegiennego 8a. Zapraszamy do kontaktu telefonicznego 52 335 30 32 lub e-mail: biuro@voltec.com.pl.","robots":{"index":"index","follow":"follow","max-snippet":"max-snippet:-1","max-image-preview":"max-image-preview:large","max-video-preview":"max-video-preview:-1"},"canonical":"https:\/\/voltec.com.pl\/?page_id=70","og_locale":"en_US","og_type":"article","og_title":"Kontakt - Voltec.com.pl","og_description":"Nasza firmy znajduje si\u0119 na bydgoskich Bartodziejach. Biuro mie\u015bci si\u0119 przy ulicy Ks. Piotra \u015aciegiennego 8a. Zapraszamy do kontaktu telefonicznego 52 335 30 32 lub e-mail: biuro@voltec.com.pl.","og_url":"https:\/\/voltec.com.pl\/?page_id=70","og_site_name":"Voltec.com.pl","article_modified_time":"2025-11-12T18:55:32+00:00","og_image":[{"url":"https:\/\/voltec.com.pl\/wp-content\/plugins\/wpforms-lite\/assets\/images\/submit-spin.svg","type":"","width":"","height":""}],"twitter_card":"summary_large_image","twitter_misc":{"Est. reading time":"1 minute"},"schema":{"@context":"https:\/\/schema.org","@graph":[{"@type":"WebPage","@id":"https:\/\/voltec.com.pl\/?page_id=70","url":"https:\/\/voltec.com.pl\/?page_id=70","name":"Kontakt - Voltec.com.pl","isPartOf":{"@id":"http:\/\/voltec.com.pl\/#website"},"primaryImageOfPage":{"@id":"https:\/\/voltec.com.pl\/?page_id=70#primaryimage"},"image":{"@id":"https:\/\/voltec.com.pl\/?page_id=70#primaryimage"},"thumbnailUrl":"https:\/\/voltec.com.pl\/wp-content\/plugins\/wpforms-lite\/assets\/images\/submit-spin.svg","datePublished":"2025-08-28T13:38:15+00:00","dateModified":"2025-11-12T18:55:32+00:00","description":"Nasza firmy znajduje si\u0119 na bydgoskich Bartodziejach. Biuro mie\u015bci si\u0119 przy ulicy Ks. Piotra \u015aciegiennego 8a. Zapraszamy do kontaktu telefonicznego 52 335 30 32 lub e-mail: biuro@voltec.com.pl.","breadcrumb":{"@id":"https:\/\/voltec.com.pl\/?page_id=70#breadcrumb"},"inLanguage":"en-US","potentialAction":[{"@type":"ReadAction","target":["https:\/\/voltec.com.pl\/?page_id=70"]}]},{"@type":"ImageObject","inLanguage":"en-US","@id":"https:\/\/voltec.com.pl\/?page_id=70#primaryimage","url":"https:\/\/voltec.com.pl\/wp-content\/plugins\/wpforms-lite\/assets\/images\/submit-spin.svg","contentUrl":"https:\/\/voltec.com.pl\/wp-content\/plugins\/wpforms-lite\/assets\/images\/submit-spin.svg"},{"@type":"BreadcrumbList","@id":"https:\/\/voltec.com.pl\/?page_id=70#breadcrumb","itemListElement":[{"@type":"ListItem","position":1,"name":"Home","item":"http:\/\/voltec.com.pl\/"},{"@type":"ListItem","position":2,"name":"Kontakt"}]},{"@type":"WebSite","@id":"http:\/\/voltec.com.pl\/#website","url":"http:\/\/voltec.com.pl\/","name":"Voltec.com.pl","description":"","publisher":{"@id":"http:\/\/voltec.com.pl\/#organization"},"potentialAction":[{"@type":"SearchAction","target":{"@type":"EntryPoint","urlTemplate":"http:\/\/voltec.com.pl\/?s={search_term_string}"},"query-input":{"@type":"PropertyValueSpecification","valueRequired":true,"valueName":"search_term_string"}}],"inLanguage":"en-US"},{"@type":"Organization","@id":"http:\/\/voltec.com.pl\/#organization","name":"Voltec.com.pl","url":"http:\/\/voltec.com.pl\/","logo":{"@type":"ImageObject","inLanguage":"en-US","@id":"http:\/\/voltec.com.pl\/#\/schema\/logo\/image\/","url":"https:\/\/voltec.com.pl\/wp-content\/uploads\/2025\/07\/LOGO_VOLTEC_JPG-scaled.jpg","contentUrl":"https:\/\/voltec.com.pl\/wp-content\/uploads\/2025\/07\/LOGO_VOLTEC_JPG-scaled.jpg","width":2560,"height":504,"caption":"Voltec.com.pl"},"image":{"@id":"http:\/\/voltec.com.pl\/#\/schema\/logo\/image\/"}}]}},"_links":{"self":[{"href":"https:\/\/voltec.com.pl\/index.php?rest_route=\/wp\/v2\/pages\/70","targetHints":{"allow":["GET"]}}],"collection":[{"href":"https:\/\/voltec.com.pl\/index.php?rest_route=\/wp\/v2\/pages"}],"about":[{"href":"https:\/\/voltec.com.pl\/index.php?rest_route=\/wp\/v2\/types\/page"}],"author":[{"embeddable":true,"href":"https:\/\/voltec.com.pl\/index.php?rest_route=\/wp\/v2\/users\/1"}],"replies":[{"embeddable":true,"href":"https:\/\/voltec.com.pl\/index.php?rest_route=%2Fwp%2Fv2%2Fcomments&post=70"}],"version-history":[{"count":31,"href":"https:\/\/voltec.com.pl\/index.php?rest_route=\/wp\/v2\/pages\/70\/revisions"}],"predecessor-version":[{"id":190,"href":"https:\/\/voltec.com.pl\/index.php?rest_route=\/wp\/v2\/pages\/70\/revisions\/190"}],"wp:attachment":[{"href":"https:\/\/voltec.com.pl\/index.php?rest_route=%2Fwp%2Fv2%2Fmedia&parent=70"}],"curies":[{"name":"wp","href":"https:\/\/api.w.org\/{rel}","templated":true}]}}