{"id":69,"date":"2025-08-28T15:38:15","date_gmt":"2025-08-28T13:38:15","guid":{"rendered":"https:\/\/voltec.com.pl\/?page_id=69"},"modified":"2025-11-12T20:26:09","modified_gmt":"2025-11-12T19:26:09","slug":"uslugi","status":"publish","type":"page","link":"https:\/\/voltec.com.pl\/?page_id=69","title":{"rendered":"Us\u0142ugi"},"content":{"rendered":"<ul>\n<li>Projektowanie i wykonawstwo sieci elektrycznych niskiego napi\u0119cia.<\/li>\n<li>Projektowanie i wykonawstwo instalacji elektrycznych w budynkach mieszkalnych.<\/li>\n<li>Projektowanie i wykonawstwo instalacji elektrycznych w obiektach przemys\u0142owych.<\/li>\n<li>Projektowanie i wykonawstwo system\u00f3w monitoringu wizyjnego i alarmowych.<\/li>\n<li>Projektowanie i wykonawstwo system\u00f3w szlabanowych i kontroli dost\u0119pu.<\/li>\n<li>Projektowanie i wykonawstwo instalacji automatyki przemys\u0142owej.<\/li>\n<\/ul>\n<p>\u00a0<\/p>\n<ul>\n<li>Pomiary elektryczne instalacji elektrycznych, przegl\u0105dy SSP.<\/li>\n<\/ul>\n<p>\u00a0<\/p>\n<ul>\n<li>Kompleksowe utrzymanie ci\u0105g\u0142o\u015bci ruchu w obiektach komercyjnych i przemys\u0142owych.<\/li>\n<\/ul>\n<p>\u00a0<\/p>\n<ul>\n<li>Profesjonalne doradztwo techniczne.<\/li>\n<\/ul>\n<p>\u00a0<\/p>\n<ul>\n<li>Us\u0142ugi pogotowia elektrycznego na wsp\u00f3lnot i sp\u00f3\u0142dzielni mieszkaniowych.<\/li>\n<\/ul>\n<p>\u00a0<\/p>\n<ul>\n<li>Projektowanie i kosztorysowanie instalacji elektrycznych i automatyki.<\/li>\n<\/ul>\n","protected":false},"excerpt":{"rendered":"<p>Projektowanie i wykonawstwo sieci elektrycznych niskiego napi\u0119cia. Projektowanie i wykonawstwo instalacji elektrycznych w budynkach mieszkalnych. Projektowanie i wykonawstwo instalacji elektrycznych w obiektach przemys\u0142owych. Projektowanie i wykonawstwo system\u00f3w monitoringu wizyjnego i alarmowych. Projektowanie i wykonawstwo system\u00f3w szlabanowych i kontroli dost\u0119pu. Projektowanie i wykonawstwo instalacji automatyki przemys\u0142owej. \u00a0 Pomiary elektryczne instalacji elektrycznych, przegl\u0105dy SSP. \u00a0 Kompleksowe utrzymanie [&hellip;]<\/p>\n","protected":false},"author":1,"featured_media":0,"parent":0,"menu_order":0,"comment_status":"closed","ping_status":"closed","template":"","meta":{"footnotes":""},"class_list":["post-69","page","type-page","status-publish","hentry"],"yoast_head":"<!-- This site is optimized with the Yoast SEO plugin v26.3 - https:\/\/yoast.com\/wordpress\/plugins\/seo\/ -->\n<title>Us\u0142ugi - Voltec.com.pl<\/title>\n<meta name=\"description\" content=\"Oferujemy profesjonalne us\u0142ugi w zakresie projektowania i wykonawstwa instalacji elektrycznych i teletechnicznych a tak\u017ce automatyki.\" \/>\n<meta name=\"robots\" content=\"index, follow, max-snippet:-1, max-image-preview:large, max-video-preview:-1\" \/>\n<link rel=\"canonical\" href=\"https:\/\/voltec.com.pl\/?page_id=69\" \/>\n<meta property=\"og:locale\" content=\"en_US\" \/>\n<meta property=\"og:type\" content=\"article\" \/>\n<meta property=\"og:title\" content=\"Us\u0142ugi - Voltec.com.pl\" \/>\n<meta property=\"og:description\" content=\"Oferujemy profesjonalne us\u0142ugi w zakresie projektowania i wykonawstwa instalacji elektrycznych i teletechnicznych a tak\u017ce automatyki.\" \/>\n<meta property=\"og:url\" content=\"https:\/\/voltec.com.pl\/?page_id=69\" \/>\n<meta property=\"og:site_name\" content=\"Voltec.com.pl\" \/>\n<meta property=\"article:modified_time\" content=\"2025-11-12T19:26:09+00:00\" \/>\n<meta name=\"twitter:card\" content=\"summary_large_image\" \/>\n<meta name=\"twitter:label1\" content=\"Est. reading time\" \/>\n\t<meta name=\"twitter:data1\" content=\"1 minute\" \/>\n<script type=\"application\/ld+json\" class=\"yoast-schema-graph\">{\"@context\":\"https:\/\/schema.org\",\"@graph\":[{\"@type\":\"WebPage\",\"@id\":\"https:\/\/voltec.com.pl\/?page_id=69\",\"url\":\"https:\/\/voltec.com.pl\/?page_id=69\",\"name\":\"Us\u0142ugi - Voltec.com.pl\",\"isPartOf\":{\"@id\":\"http:\/\/voltec.com.pl\/#website\"},\"datePublished\":\"2025-08-28T13:38:15+00:00\",\"dateModified\":\"2025-11-12T19:26:09+00:00\",\"description\":\"Oferujemy profesjonalne us\u0142ugi w zakresie projektowania i wykonawstwa instalacji elektrycznych i teletechnicznych a tak\u017ce automatyki.\",\"breadcrumb\":{\"@id\":\"https:\/\/voltec.com.pl\/?page_id=69#breadcrumb\"},\"inLanguage\":\"en-US\",\"potentialAction\":[{\"@type\":\"ReadAction\",\"target\":[\"https:\/\/voltec.com.pl\/?page_id=69\"]}]},{\"@type\":\"BreadcrumbList\",\"@id\":\"https:\/\/voltec.com.pl\/?page_id=69#breadcrumb\",\"itemListElement\":[{\"@type\":\"ListItem\",\"position\":1,\"name\":\"Home\",\"item\":\"http:\/\/voltec.com.pl\/\"},{\"@type\":\"ListItem\",\"position\":2,\"name\":\"Us\u0142ugi\"}]},{\"@type\":\"WebSite\",\"@id\":\"http:\/\/voltec.com.pl\/#website\",\"url\":\"http:\/\/voltec.com.pl\/\",\"name\":\"Voltec.com.pl\",\"description\":\"\",\"publisher\":{\"@id\":\"http:\/\/voltec.com.pl\/#organization\"},\"potentialAction\":[{\"@type\":\"SearchAction\",\"target\":{\"@type\":\"EntryPoint\",\"urlTemplate\":\"http:\/\/voltec.com.pl\/?s={search_term_string}\"},\"query-input\":{\"@type\":\"PropertyValueSpecification\",\"valueRequired\":true,\"valueName\":\"search_term_string\"}}],\"inLanguage\":\"en-US\"},{\"@type\":\"Organization\",\"@id\":\"http:\/\/voltec.com.pl\/#organization\",\"name\":\"Voltec.com.pl\",\"url\":\"http:\/\/voltec.com.pl\/\",\"logo\":{\"@type\":\"ImageObject\",\"inLanguage\":\"en-US\",\"@id\":\"http:\/\/voltec.com.pl\/#\/schema\/logo\/image\/\",\"url\":\"https:\/\/voltec.com.pl\/wp-content\/uploads\/2025\/07\/LOGO_VOLTEC_JPG-scaled.jpg\",\"contentUrl\":\"https:\/\/voltec.com.pl\/wp-content\/uploads\/2025\/07\/LOGO_VOLTEC_JPG-scaled.jpg\",\"width\":2560,\"height\":504,\"caption\":\"Voltec.com.pl\"},\"image\":{\"@id\":\"http:\/\/voltec.com.pl\/#\/schema\/logo\/image\/\"}}]}<\/script>\n<!-- \/ Yoast SEO plugin. -->","yoast_head_json":{"title":"Us\u0142ugi - Voltec.com.pl","description":"Oferujemy profesjonalne us\u0142ugi w zakresie projektowania i wykonawstwa instalacji elektrycznych i teletechnicznych a tak\u017ce automatyki.","robots":{"index":"index","follow":"follow","max-snippet":"max-snippet:-1","max-image-preview":"max-image-preview:large","max-video-preview":"max-video-preview:-1"},"canonical":"https:\/\/voltec.com.pl\/?page_id=69","og_locale":"en_US","og_type":"article","og_title":"Us\u0142ugi - Voltec.com.pl","og_description":"Oferujemy profesjonalne us\u0142ugi w zakresie projektowania i wykonawstwa instalacji elektrycznych i teletechnicznych a tak\u017ce automatyki.","og_url":"https:\/\/voltec.com.pl\/?page_id=69","og_site_name":"Voltec.com.pl","article_modified_time":"2025-11-12T19:26:09+00:00","twitter_card":"summary_large_image","twitter_misc":{"Est. reading time":"1 minute"},"schema":{"@context":"https:\/\/schema.org","@graph":[{"@type":"WebPage","@id":"https:\/\/voltec.com.pl\/?page_id=69","url":"https:\/\/voltec.com.pl\/?page_id=69","name":"Us\u0142ugi - Voltec.com.pl","isPartOf":{"@id":"http:\/\/voltec.com.pl\/#website"},"datePublished":"2025-08-28T13:38:15+00:00","dateModified":"2025-11-12T19:26:09+00:00","description":"Oferujemy profesjonalne us\u0142ugi w zakresie projektowania i wykonawstwa instalacji elektrycznych i teletechnicznych a tak\u017ce automatyki.","breadcrumb":{"@id":"https:\/\/voltec.com.pl\/?page_id=69#breadcrumb"},"inLanguage":"en-US","potentialAction":[{"@type":"ReadAction","target":["https:\/\/voltec.com.pl\/?page_id=69"]}]},{"@type":"BreadcrumbList","@id":"https:\/\/voltec.com.pl\/?page_id=69#breadcrumb","itemListElement":[{"@type":"ListItem","position":1,"name":"Home","item":"http:\/\/voltec.com.pl\/"},{"@type":"ListItem","position":2,"name":"Us\u0142ugi"}]},{"@type":"WebSite","@id":"http:\/\/voltec.com.pl\/#website","url":"http:\/\/voltec.com.pl\/","name":"Voltec.com.pl","description":"","publisher":{"@id":"http:\/\/voltec.com.pl\/#organization"},"potentialAction":[{"@type":"SearchAction","target":{"@type":"EntryPoint","urlTemplate":"http:\/\/voltec.com.pl\/?s={search_term_string}"},"query-input":{"@type":"PropertyValueSpecification","valueRequired":true,"valueName":"search_term_string"}}],"inLanguage":"en-US"},{"@type":"Organization","@id":"http:\/\/voltec.com.pl\/#organization","name":"Voltec.com.pl","url":"http:\/\/voltec.com.pl\/","logo":{"@type":"ImageObject","inLanguage":"en-US","@id":"http:\/\/voltec.com.pl\/#\/schema\/logo\/image\/","url":"https:\/\/voltec.com.pl\/wp-content\/uploads\/2025\/07\/LOGO_VOLTEC_JPG-scaled.jpg","contentUrl":"https:\/\/voltec.com.pl\/wp-content\/uploads\/2025\/07\/LOGO_VOLTEC_JPG-scaled.jpg","width":2560,"height":504,"caption":"Voltec.com.pl"},"image":{"@id":"http:\/\/voltec.com.pl\/#\/schema\/logo\/image\/"}}]}},"_links":{"self":[{"href":"https:\/\/voltec.com.pl\/index.php?rest_route=\/wp\/v2\/pages\/69","targetHints":{"allow":["GET"]}}],"collection":[{"href":"https:\/\/voltec.com.pl\/index.php?rest_route=\/wp\/v2\/pages"}],"about":[{"href":"https:\/\/voltec.com.pl\/index.php?rest_route=\/wp\/v2\/types\/page"}],"author":[{"embeddable":true,"href":"https:\/\/voltec.com.pl\/index.php?rest_route=\/wp\/v2\/users\/1"}],"replies":[{"embeddable":true,"href":"https:\/\/voltec.com.pl\/index.php?rest_route=%2Fwp%2Fv2%2Fcomments&post=69"}],"version-history":[{"count":10,"href":"https:\/\/voltec.com.pl\/index.php?rest_route=\/wp\/v2\/pages\/69\/revisions"}],"predecessor-version":[{"id":206,"href":"https:\/\/voltec.com.pl\/index.php?rest_route=\/wp\/v2\/pages\/69\/revisions\/206"}],"wp:attachment":[{"href":"https:\/\/voltec.com.pl\/index.php?rest_route=%2Fwp%2Fv2%2Fmedia&parent=69"}],"curies":[{"name":"wp","href":"https:\/\/api.w.org\/{rel}","templated":true}]}}