{"id":138,"date":"2025-11-12T15:45:11","date_gmt":"2025-11-12T14:45:11","guid":{"rendered":"https:\/\/voltec.com.pl\/?page_id=138"},"modified":"2025-11-12T20:35:28","modified_gmt":"2025-11-12T19:35:28","slug":"onas","status":"publish","type":"page","link":"https:\/\/voltec.com.pl\/?page_id=138","title":{"rendered":"O NAS"},"content":{"rendered":"\t\t<div data-elementor-type=\"wp-page\" data-elementor-id=\"138\" class=\"elementor elementor-138\">\n\t\t\t\t<div class=\"elementor-element elementor-element-4991023c e-flex e-con-boxed e-con e-parent\" data-id=\"4991023c\" data-element_type=\"container\">\n\t\t\t\t\t<div class=\"e-con-inner\">\n\t\t\t\t<div class=\"elementor-element elementor-element-6065a71 elementor-widget elementor-widget-text-editor\" data-id=\"6065a71\" data-element_type=\"widget\" data-widget_type=\"text-editor.default\">\n\t\t\t\t\t\t\t\t\t<p><!-- \/wp:paragraph --><!-- wp:paragraph {\"style\":{\"elements\":{\"link\":{\"color\":{\"text\":\"var:preset|color|secondary\"}}},\"typography\":{\"lineHeight\":\"1.8\",\"fontStyle\":\"normal\",\"fontWeight\":\"500\",\"letterSpacing\":\"1px\"},\"spacing\":{\"padding\":{\"right\":\"0px\",\"left\":\"0px\"}}},\"textColor\":\"secondary\",\"fontSize\":\"medium\"} --><\/p>\n<p class=\"has-secondary-color has-text-color has-link-color has-medium-font-size\" style=\"padding-right: 0px; padding-left: 0px; font-style: normal; font-weight: 500; letter-spacing: 1px; line-height: 1.8;\">Firma Voltec swoj\u0105 dzia\u0142alno\u015b\u0107 rozpocz\u0119\u0142a w 2009 roku.\u00a0<\/p>\n<p class=\"has-secondary-color has-text-color has-link-color has-medium-font-size\" style=\"padding-right: 0px; padding-left: 0px; font-style: normal; font-weight: 500; letter-spacing: 1px; line-height: 1.8;\">W pocz\u0105tkowym etapie nasze prace skupia\u0142y si\u0119 wy\u0142\u0105cznie na wykonawstwie instalacji elektrycznych w budynkach jednorodzinnych.\u00a0<\/p>\n<p class=\"has-secondary-color has-text-color has-link-color has-medium-font-size\" style=\"padding-right: 0px; padding-left: 0px; font-style: normal; font-weight: 500; letter-spacing: 1px; line-height: 1.8;\">Z biegiem lat i zdobytych do\u015bwiadcze\u0144 rozwijali\u015bmy firm\u0119 by tak jak obecnie obs\u0142ugiwa\u0107 firmy z sektora przemys\u0142owego oraz budownictwa wielorodzinnego.\u00a0<\/p>\n<p class=\"has-secondary-color has-text-color has-link-color has-medium-font-size\" style=\"padding-right: 0px; padding-left: 0px; font-style: normal; font-weight: 500; letter-spacing: 1px; line-height: 1.8;\">Dzi\u0119ki zdobytemu do\u015bwiadczeniu aktualnie wykonujemy inwestycje od A do Z.\u00a0<\/p>\n<p class=\"has-secondary-color has-text-color has-link-color has-medium-font-size\" style=\"padding-right: 0px; padding-left: 0px; font-style: normal; font-weight: 500; letter-spacing: 1px; line-height: 1.8;\">W zakresie naszych us\u0142ug znajd\u0105 Pa\u0144stwo projektowanie instalacji oraz sieci elektrycznych NN, kosztorysowanie rob\u00f3t, wykonawstwo instalacji oraz sieci, pomiary elektryczne oraz wiele innych.\u00a0<\/p>\n<p class=\"has-secondary-color has-text-color has-link-color has-medium-font-size\" style=\"padding-right: 0px; padding-left: 0px; font-style: normal; font-weight: 500; letter-spacing: 1px; line-height: 1.8;\">Po bardziej szczeg\u00f3\u0142owe informacje zapraszamy do kontaktu.<\/p>\n<p><!-- \/wp:paragraph --><!-- wp:paragraph --><\/p>\n<p><!-- \/wp:paragraph --><\/p>\t\t\t\t\t\t\t\t<\/div>\n\t\t\t\t\t<\/div>\n\t\t\t\t<\/div>\n\t\t\t\t<\/div>\n\t\t","protected":false},"excerpt":{"rendered":"<p>Firma Voltec swoj\u0105 dzia\u0142alno\u015b\u0107 rozpocz\u0119\u0142a w 2009 roku.\u00a0 W pocz\u0105tkowym etapie nasze prace skupia\u0142y si\u0119 wy\u0142\u0105cznie na wykonawstwie instalacji elektrycznych w budynkach jednorodzinnych.\u00a0 Z biegiem lat i zdobytych do\u015bwiadcze\u0144 rozwijali\u015bmy firm\u0119 by tak jak obecnie obs\u0142ugiwa\u0107 firmy z sektora przemys\u0142owego oraz budownictwa wielorodzinnego.\u00a0 Dzi\u0119ki zdobytemu do\u015bwiadczeniu aktualnie wykonujemy inwestycje od A do Z.\u00a0 W zakresie [&hellip;]<\/p>\n","protected":false},"author":1,"featured_media":0,"parent":0,"menu_order":0,"comment_status":"closed","ping_status":"closed","template":"","meta":{"footnotes":""},"class_list":["post-138","page","type-page","status-publish","hentry"],"yoast_head":"<!-- This site is optimized with the Yoast SEO plugin v26.3 - https:\/\/yoast.com\/wordpress\/plugins\/seo\/ -->\n<title>O NAS - Voltec.com.pl<\/title>\n<meta name=\"description\" content=\"Firma Voltec specjalizuje si\u0119 w instalacjach elektrycznych od 2009 roku. Zaufaj naszemu do\u015bwiadczeniu w projektowaniu i wykonawstwie.\" \/>\n<meta name=\"robots\" content=\"index, follow, max-snippet:-1, max-image-preview:large, max-video-preview:-1\" \/>\n<link rel=\"canonical\" href=\"https:\/\/voltec.com.pl\/?page_id=138\" \/>\n<meta property=\"og:locale\" content=\"en_US\" \/>\n<meta property=\"og:type\" content=\"article\" \/>\n<meta property=\"og:title\" content=\"O NAS - Voltec.com.pl\" \/>\n<meta property=\"og:description\" content=\"Firma Voltec specjalizuje si\u0119 w instalacjach elektrycznych od 2009 roku. Zaufaj naszemu do\u015bwiadczeniu w projektowaniu i wykonawstwie.\" \/>\n<meta property=\"og:url\" content=\"https:\/\/voltec.com.pl\/?page_id=138\" \/>\n<meta property=\"og:site_name\" content=\"Voltec.com.pl\" \/>\n<meta property=\"article:modified_time\" content=\"2025-11-12T19:35:28+00:00\" \/>\n<meta name=\"twitter:card\" content=\"summary_large_image\" \/>\n<meta name=\"twitter:label1\" content=\"Est. reading time\" \/>\n\t<meta name=\"twitter:data1\" content=\"1 minute\" \/>\n<script type=\"application\/ld+json\" class=\"yoast-schema-graph\">{\"@context\":\"https:\/\/schema.org\",\"@graph\":[{\"@type\":\"WebPage\",\"@id\":\"https:\/\/voltec.com.pl\/?page_id=138\",\"url\":\"https:\/\/voltec.com.pl\/?page_id=138\",\"name\":\"O NAS - Voltec.com.pl\",\"isPartOf\":{\"@id\":\"http:\/\/voltec.com.pl\/#website\"},\"datePublished\":\"2025-11-12T14:45:11+00:00\",\"dateModified\":\"2025-11-12T19:35:28+00:00\",\"description\":\"Firma Voltec specjalizuje si\u0119 w instalacjach elektrycznych od 2009 roku. Zaufaj naszemu do\u015bwiadczeniu w projektowaniu i wykonawstwie.\",\"breadcrumb\":{\"@id\":\"https:\/\/voltec.com.pl\/?page_id=138#breadcrumb\"},\"inLanguage\":\"en-US\",\"potentialAction\":[{\"@type\":\"ReadAction\",\"target\":[\"https:\/\/voltec.com.pl\/?page_id=138\"]}]},{\"@type\":\"BreadcrumbList\",\"@id\":\"https:\/\/voltec.com.pl\/?page_id=138#breadcrumb\",\"itemListElement\":[{\"@type\":\"ListItem\",\"position\":1,\"name\":\"Home\",\"item\":\"http:\/\/voltec.com.pl\/\"},{\"@type\":\"ListItem\",\"position\":2,\"name\":\"O NAS\"}]},{\"@type\":\"WebSite\",\"@id\":\"http:\/\/voltec.com.pl\/#website\",\"url\":\"http:\/\/voltec.com.pl\/\",\"name\":\"Voltec.com.pl\",\"description\":\"\",\"publisher\":{\"@id\":\"http:\/\/voltec.com.pl\/#organization\"},\"potentialAction\":[{\"@type\":\"SearchAction\",\"target\":{\"@type\":\"EntryPoint\",\"urlTemplate\":\"http:\/\/voltec.com.pl\/?s={search_term_string}\"},\"query-input\":{\"@type\":\"PropertyValueSpecification\",\"valueRequired\":true,\"valueName\":\"search_term_string\"}}],\"inLanguage\":\"en-US\"},{\"@type\":\"Organization\",\"@id\":\"http:\/\/voltec.com.pl\/#organization\",\"name\":\"Voltec.com.pl\",\"url\":\"http:\/\/voltec.com.pl\/\",\"logo\":{\"@type\":\"ImageObject\",\"inLanguage\":\"en-US\",\"@id\":\"http:\/\/voltec.com.pl\/#\/schema\/logo\/image\/\",\"url\":\"https:\/\/voltec.com.pl\/wp-content\/uploads\/2025\/07\/LOGO_VOLTEC_JPG-scaled.jpg\",\"contentUrl\":\"https:\/\/voltec.com.pl\/wp-content\/uploads\/2025\/07\/LOGO_VOLTEC_JPG-scaled.jpg\",\"width\":2560,\"height\":504,\"caption\":\"Voltec.com.pl\"},\"image\":{\"@id\":\"http:\/\/voltec.com.pl\/#\/schema\/logo\/image\/\"}}]}<\/script>\n<!-- \/ Yoast SEO plugin. -->","yoast_head_json":{"title":"O NAS - Voltec.com.pl","description":"Firma Voltec specjalizuje si\u0119 w instalacjach elektrycznych od 2009 roku. Zaufaj naszemu do\u015bwiadczeniu w projektowaniu i wykonawstwie.","robots":{"index":"index","follow":"follow","max-snippet":"max-snippet:-1","max-image-preview":"max-image-preview:large","max-video-preview":"max-video-preview:-1"},"canonical":"https:\/\/voltec.com.pl\/?page_id=138","og_locale":"en_US","og_type":"article","og_title":"O NAS - Voltec.com.pl","og_description":"Firma Voltec specjalizuje si\u0119 w instalacjach elektrycznych od 2009 roku. Zaufaj naszemu do\u015bwiadczeniu w projektowaniu i wykonawstwie.","og_url":"https:\/\/voltec.com.pl\/?page_id=138","og_site_name":"Voltec.com.pl","article_modified_time":"2025-11-12T19:35:28+00:00","twitter_card":"summary_large_image","twitter_misc":{"Est. reading time":"1 minute"},"schema":{"@context":"https:\/\/schema.org","@graph":[{"@type":"WebPage","@id":"https:\/\/voltec.com.pl\/?page_id=138","url":"https:\/\/voltec.com.pl\/?page_id=138","name":"O NAS - Voltec.com.pl","isPartOf":{"@id":"http:\/\/voltec.com.pl\/#website"},"datePublished":"2025-11-12T14:45:11+00:00","dateModified":"2025-11-12T19:35:28+00:00","description":"Firma Voltec specjalizuje si\u0119 w instalacjach elektrycznych od 2009 roku. Zaufaj naszemu do\u015bwiadczeniu w projektowaniu i wykonawstwie.","breadcrumb":{"@id":"https:\/\/voltec.com.pl\/?page_id=138#breadcrumb"},"inLanguage":"en-US","potentialAction":[{"@type":"ReadAction","target":["https:\/\/voltec.com.pl\/?page_id=138"]}]},{"@type":"BreadcrumbList","@id":"https:\/\/voltec.com.pl\/?page_id=138#breadcrumb","itemListElement":[{"@type":"ListItem","position":1,"name":"Home","item":"http:\/\/voltec.com.pl\/"},{"@type":"ListItem","position":2,"name":"O NAS"}]},{"@type":"WebSite","@id":"http:\/\/voltec.com.pl\/#website","url":"http:\/\/voltec.com.pl\/","name":"Voltec.com.pl","description":"","publisher":{"@id":"http:\/\/voltec.com.pl\/#organization"},"potentialAction":[{"@type":"SearchAction","target":{"@type":"EntryPoint","urlTemplate":"http:\/\/voltec.com.pl\/?s={search_term_string}"},"query-input":{"@type":"PropertyValueSpecification","valueRequired":true,"valueName":"search_term_string"}}],"inLanguage":"en-US"},{"@type":"Organization","@id":"http:\/\/voltec.com.pl\/#organization","name":"Voltec.com.pl","url":"http:\/\/voltec.com.pl\/","logo":{"@type":"ImageObject","inLanguage":"en-US","@id":"http:\/\/voltec.com.pl\/#\/schema\/logo\/image\/","url":"https:\/\/voltec.com.pl\/wp-content\/uploads\/2025\/07\/LOGO_VOLTEC_JPG-scaled.jpg","contentUrl":"https:\/\/voltec.com.pl\/wp-content\/uploads\/2025\/07\/LOGO_VOLTEC_JPG-scaled.jpg","width":2560,"height":504,"caption":"Voltec.com.pl"},"image":{"@id":"http:\/\/voltec.com.pl\/#\/schema\/logo\/image\/"}}]}},"_links":{"self":[{"href":"https:\/\/voltec.com.pl\/index.php?rest_route=\/wp\/v2\/pages\/138","targetHints":{"allow":["GET"]}}],"collection":[{"href":"https:\/\/voltec.com.pl\/index.php?rest_route=\/wp\/v2\/pages"}],"about":[{"href":"https:\/\/voltec.com.pl\/index.php?rest_route=\/wp\/v2\/types\/page"}],"author":[{"embeddable":true,"href":"https:\/\/voltec.com.pl\/index.php?rest_route=\/wp\/v2\/users\/1"}],"replies":[{"embeddable":true,"href":"https:\/\/voltec.com.pl\/index.php?rest_route=%2Fwp%2Fv2%2Fcomments&post=138"}],"version-history":[{"count":16,"href":"https:\/\/voltec.com.pl\/index.php?rest_route=\/wp\/v2\/pages\/138\/revisions"}],"predecessor-version":[{"id":215,"href":"https:\/\/voltec.com.pl\/index.php?rest_route=\/wp\/v2\/pages\/138\/revisions\/215"}],"wp:attachment":[{"href":"https:\/\/voltec.com.pl\/index.php?rest_route=%2Fwp%2Fv2%2Fmedia&parent=138"}],"curies":[{"name":"wp","href":"https:\/\/api.w.org\/{rel}","templated":true}]}}